04?
223
In base 2, what is 110 + -1110111?
-1110001
In base 13, what is 1ccc - 1?
1ccb
In base 4, what is -2 - -13301?
13233
In base 13, what is -26 + 27?
1
In base 12, what is a - -62?
70
In base 9, what is 153 + -12?
141
In base 16, what is 1b - -bb?
d6
In base 5, what is 0 + -3403?
-3403
In base 4, what is -3 - 12223?
-12232
In base 11, what is 56 - 2?
54
In base 11, what is 125 + 0?
125
In base 2, what is -111111 - -10001111?
1010000
In base 14, what is 6 - 165?
-15d
In base 2, what is 1001 - -11011?
100100
In base 9, what is -285 + -5?
-301
In base 6, what is 4 - -22?
30
In base 5, what is 3 + -3010?
-3002
In base 4, what is -221223 - -3?
-221220
In base 12, what is -54 - -1?
-53
In base 15, what is -3 - -5c?
59
In base 16, what is -3 - 5d7?
-5da
In base 7, what is -51 + 20?
-31
In base 10, what is 142 + -94?
48
In base 8, what is -6 - 75?
-103
In base 4, what is -2 - 2000?
-2002
In base 11, what is -4 - 33?
-37
In base 10, what is 1 + -336?
-335
In base 9, what is -8 - -4?
-4
In base 6, what is 45213 - 4?
45205
In base 16, what is 57 - b?
4c
In base 4, what is 11 + 1231032?
1231103
In base 9, what is 6705 + -5?
6700
In base 4, what is -11 - -30?
13
In base 6, what is -13 - -4513?
4500
In base 10, what is 534 + -5?
529
In base 13, what is 226 + -5?
221
In base 14, what is -4 + -23?
-27
In base 14, what is -138 + 2?
-136
In base 10, what is 2 + -114?
-112
In base 15, what is 0 - -33?
33
In base 11, what is a4 - 4?
a0
In base 16, what is 49 + 3?
4c
In base 12, what is -5 - 994?
-999
In base 3, what is 2122 - 2?
2120
In base 11, what is -5 + 2944?
293a
In base 6, what is -114125 - 0?
-114125
In base 10, what is 432 - 0?
432
In base 6, what is -10 - 15?
-25
In base 12, what is -2 + 65?
63
In base 5, what is 2 + -34?
-32
In base 8, what is 1 - -3707?
3710
In base 5, what is 22 - 134?
-112
In base 14, what is 4 + -291?
-28b
In base 14, what is 3 + -33?
-30
In base 12, what is -6 - -152?
148
In base 15, what is 50 + 3?
53
In base 7, what is 3 + -22504?
-22501
In base 10, what is 67 - 2?
65
In base 5, what is 344211 + -1?
344210
In base 4, what is 1332 - -3?
2001
In base 12, what is 238 - -9?
245
In base 4, what is -1 + 332?
331
In base 3, what is 1202 + 2?
1211
In base 15, what is 1 - 4b?
-4a
In base 10, what is 2 - -1206?
1208
In base 8, what is 24 + 131?
155
In base 6, what is -5 - -22551?
22542
In base 3, what is 10 - -2?
12
In base 13, what is -5 + 3553?
354b
In base 5, what is -3 + -12244?
-12302
In base 15, what is 5 - 125?
-120
In base 6, what is -5 + -1514?
-1523
In base 3, what is -11 + -11022211?
-11022222
In base 8, what is 30 - 16?
12
In base 5, what is -4 + 11032?
11023
In base 13, what is -3 + -32?
-35
In base 3, what is -212 + -210122?
-211111
In base 2, what is 10 + 10010?
10100
In base 13, what is -61 + -1c5?
-256
In base 12, what is 61 - 0?
61
In base 2, what is -1100111101 - 11?
-1101000000
In base 11, what is 0 - 2128?
-2128
In base 14, what is 14bc + -4?
14b8
In base 9, what is 421 + 2?
423
In base 6, what is -4 - 3300?
-3304
In base 9, what is -2 + 3?
1
In base 5, what is 32 - 20?
12
In base 8, what is 353 + -1?
352
In base 12, what is 53 + -2?
51
In base 4, what is 1120 - -1120?
2300
In base 3, what is 10 - -2200?
2210
In base 15, what is -208e + -4?
-2093
In base 2, what is 10111001 + 11101?
11010110
In base 13, what is 115b - -3?
1161
In base 3, what is -112 - 112?
-1001
In base 6, what is 23 + 15?
42
In base 16, what is -2 - -fd?
fb
In base 8, what is 2 - -742?
744
In base 9, what is 6 - -545?
552
In base 4, what is -1 - 223?
-230
In base 10, what is -1090 + 0?
-1090
In base 3, what is 10212 - -2?
10221
In base 11, what is 44 - 6?
39
In base 7, what is -3603 + 6?
-3564
In base 9, what is 3 - 224?
-221
In base 4, what is 1 + -1001?
-1000
In base 5, what is -2 - -402?
400
In base 4, what is 300 - -10?
310
In base 2, what is -11 - -10011100?
10011001
In base 5, what is 0 + -210?
-210
In base 5, what is -10 + -2321?
-2331
In base 13, what is 5 - -5b?
63
In base 11, what is 16a - 27?
143
In base 10, what is -1 - 1951?
-1952
In base 3, what is 1000 + -2100?
-1100
In base 7, what is -26 + -131?
-160
In base 12, what is -18b - 19?
-1a8
In base 3, what is -10010122 + -2?
-10010201
In base 10, what is 988 - 1?
987
In base 12, what is 354 - 1?
353
In base 3, what is -101 + 0?
-101
In base 14, what is -49 - 8?
-53
In base 10, what is -44 + -96?
-140
In base 15, what is 4 - 1687?
-1683
In base 4, what is -100101 + 11?
-100030
In base 4, what is -1 - -3112?
3111
In base 15, what is -8198 + 0?
-8198
In base 4, what is -11122021 + -1?
-11122022
In base 8, what is -31 + 70?
37
In base 11, what is -3 + 5109?
5106
In base 12, what is 5343 + 3?
5346
In base 2, what is 100010010 + -11?
100001111
In base 15, what is 1 - -6?
7
In base 10, what is -5 + -3981?
-3986
In base 2, what is 101 - 1000111?
-1000010
In base 7, what is -3 + 20044?
20041
In base 5, what is -3 + -1024?
-1032
In base 16, what is 2b - -8?
33
In base 10, what is -3536 - 1?
-3537
In base 4, what is -11330 - -12?
-11312
In base 13, what is 0 - c?
-c
In base 6, what is -5412 + 5?
-5403
In base 7, what is -1163 + 2?
-1161
In base 3, what is -22 - -1102001?
1101202
In base 3, what is -11 - 112222?
-120010
In base 7, what is -113221 - 1?
-113222
In base 5, what is -1 + 12242?
12241
In base 11, what is -40a - 5?
-414
In base 7, what is -165 - -5?
-160
In base 6, what is 3324 + 2?
3330
In base 3, what is 2 - 101?
-22
In base 15, what is e3 + 2?
e5
In base 5, what is -1 + -1203?
-1204
In base 14, what is -5 - -1d?
18
In base 2, what is 111 - -111001110?
111010101
In base 8, what is -661 + 5?
-654
In base 8, what is -517 + 6?
-511
In base 4, what is -220 + -3?
-223
In base 8, what is 26 + 11?
37
In base 13, what is 2 + -41?
-3c
In base 11, what is 0 + -153?
-153
In base 7, what is 0 - 126?
-126
In base 9, what is 337 - 8?
328
In base 4, what is 102 + -11?
31
In base 9, what is -6 - 488?
-505
In base 7, what is 0 - 5234?
-5234
In base 3, what is 2122101 + 12?
2122120
In base 5, what is -3 - 12043?
-12101
In base 8, what is -7 - 6364?
-6373
In base 10, what is -1 + -244?
-245
In base 4, what is 0 + -333023?
-333023
In base 10, what is 314 - 22?
292
In base 15, what is -1d8 - 5?
-1dd
In base 8, what is 206 + 3?
211
In base 10, what is 4 + 425?
429
In base 12, what is -1 - 8?
-9
In base 16, what is -e - -f?
1
In base 11, what is 4 - 321?
-318
In base 2, what is 1 + 110000000?
110000001
In base 7, what is -154234 + -2?
-154236
In base 15, what is 1 + -79?
-78
In base 6, what is 323 - 32?
251
In base 4, what is -1232 + -1123?
-3021
In base 16, what is 1dc - -3?
1df
In base 11, what is -18 - -438?
420
In base 12, what is -38 + -23?
-5b
In base 7, what is 661 - 114?
544
In base 6, what is -5 - -312?
303
In base 4, what is -22130 + -3?
-22133
In base 6, what is -22 + 45?
23
In base 6, what is 45 + -5?
40
In base 12, what is 4 + 141?
145
In base 16, what is 134 + -1?
133
In base 5, what is 1340 + -20?
1320
In base 8, what is -1453 - -3?
-1450
In base 14, what is 5db - -4?
601
In base 13, what is -81 + -32?
-b3
In base 7, what is -102 + -25?
-130
In base 13, what is 3 - -6a9?
6ac
In base 7, what is -62 + 6?
-53
In base 13, what is 14 + 195?
1a9
In base 5, what is -10 + -214?
-224
In base 15, what is -25 + -29?
-4e
In base 2, what is -1 + 1111100?
1111011
In base 9, what is 2 - 45?
-43
In base 12, what is -1401 - 0?
-1401
In base 10, what is 0 - 1248?
-1248
In base 16, what is -a1f + -4?
-a23
In base 6, what is -1 + 5340?
5335
In base 16, what is 5 - -53?
58
In base 7, what is 112 - 40?
42
In base 12, what is 6 - -3b?
45
In base 8, what is 103 - -17?
122
In base 3, what is 2 + -1121010?
-1121001
In base 11, what is 34 + -8?
27
In base 15, what is -b - 1?
-c
In base 5, what is -4 - -13?
4
In base 14, what is c - 1?
b
In base 6, what is -5 + 3400?
3351
In base 10, what is 43 - 5?
38
In base 13, what is b + -5?
6
In base 9, what is -80 - -44?
-35
In base 7, what is -1 + -2304?
-2305
In base 15, what is -3 + 113?
110
In base 8, what is -21 + -152?
-173
In base 12, what is -21 + -19?
-3a
In base 10, what is 55 - -100?
155
In base 8, what is -31 - 13?
-44
In base 10, what is 453 - 49?
404
In base 16, what is -4 + 2e?
2a
In base 9, what is -224 - -8?
-215
In base 14, what is -321 - -4?
-31b
In base